{"id":13,"date":"2024-05-17T06:59:27","date_gmt":"2024-05-17T06:59:27","guid":{"rendered":"http:\/\/www.starlightenerji.com\/?page_id=13"},"modified":"2024-05-19T11:52:47","modified_gmt":"2024-05-19T11:52:47","slug":"hakkimizda","status":"publish","type":"page","link":"https:\/\/www.starlightenerji.com\/index.php\/hakkimizda\/","title":{"rendered":"Hakk\u0131m\u0131zda"},"content":{"rendered":"\n<p><strong>STARLIGHT Enerji<\/strong> olarak, daha ya\u015fanabilir bir d\u00fcnya b\u0131rakma umudu ve k\u00fcresel s\u00fcrd\u00fcr\u00fclebilir kalk\u0131nma hedefimize ula\u015fma kararl\u0131l\u0131\u011f\u0131yla faaliyetlerimizi y\u00fcr\u00fct\u00fcyoruz. Bu ama\u00e7la, T\u00fcrkiye&#8217;den ba\u015flayarak \u0130ngiltere ve Avrupa genelinde yenilenebilir enerji projeleri ger\u00e7ekle\u015ftiriyoruz. \u00c7al\u0131\u015fanlar\u0131m\u0131zla birlikte, daha ye\u015fil ve temiz bir d\u00fcnya i\u00e7in ad\u0131mlar atarak, b\u00fcy\u00fcme hedeflerimizi s\u00fcrd\u00fcr\u00fclebilir bir \u015fekilde ilerletiyoruz.<\/p>\n\n\n\n<p>S\u00fcrd\u00fcr\u00fclebilir bir d\u00fcnya in\u015fa etme misyonuyla, yenilenebilir enerji kaynaklar\u0131ndan elektrik \u00fcretimi ve karbon n\u00f6tr politikalar do\u011frultusunda \u00e7\u00f6z\u00fcmler sunmaktay\u0131z. \u0130\u015f ortaklar\u0131m\u0131za m\u00fchendislik, proje geli\u015ftirme ve bak\u0131m hizmetleri sa\u011flarken, \u00e7evremizin temiz kaynaklar\u0131n\u0131 kullanarak s\u00fcrd\u00fcr\u00fclebilirli\u011fin \u00f6nemini vurguluyoruz.<\/p>\n\n\n\n<p>Yenilenebilir enerji alan\u0131nda faaliyet g\u00f6steren bir m\u00fchendislik ve yat\u0131r\u0131m \u015firketi olarak, kendimizi bu sekt\u00f6rde konumland\u0131r\u0131yoruz. G\u00fcne\u015f enerjisi, r\u00fczgar enerjisi, hidroelektrik ve biyok\u00fctle santrallerinin anahtar teslim m\u00fchendislik projelerinin yan\u0131 s\u0131ra, bu alanlardaki yat\u0131r\u0131m motivasyonumuzu s\u00fcrekli olarak art\u0131r\u0131yoruz.<\/p>\n\n\n\n<p>Yenilenebilir enerji kurulu g\u00fcc\u00fcnde \u00fclkemizin ve d\u00fcnyan\u0131n g\u00f6sterdi\u011fi k\u0131ymetli \u00e7abalar, karbon s\u0131f\u0131r politikas\u0131na olan ba\u011fl\u0131l\u0131\u011f\u0131m\u0131zla do\u011frudan \u00f6rt\u00fc\u015fmektedir. Bu misyon do\u011frultusunda, yenilenebilir enerjinin hemen her alan\u0131nda faaliyet g\u00f6stermeyi ama\u00e7 edinmi\u015f bulunmaktay\u0131z.<\/p>\n\n\n\n<p><strong>STARLIGHT Enerji<\/strong> olarak, gelece\u011fe temiz enerji \u00e7\u00f6z\u00fcmleriyle yat\u0131r\u0131m yaparken, \u00e7evremizi koruma ve s\u00fcrd\u00fcr\u00fclebilir kalk\u0131nmay\u0131 sa\u011flama hedeflerimiz do\u011frultusunda ilerlemeye devam ediyoruz. Y\u00fcksek kaliteli hizmetlerimiz ve yenilik\u00e7i projelerimizle, daha ye\u015fil bir d\u00fcnya i\u00e7in \u00e7al\u0131\u015f\u0131yoruz.<\/p>\n","protected":false},"excerpt":{"rendered":"<p>STARLIGHT Enerji olarak, daha ya\u015fanabilir bir d\u00fcnya b\u0131rakma umudu ve k\u00fcresel s\u00fcrd\u00fcr\u00fclebilir kalk\u0131nma hedefimize ula\u015fma kararl\u0131l\u0131\u011f\u0131yla faaliyetlerimizi y\u00fcr\u00fct\u00fcyoruz. Bu ama\u00e7la, T\u00fcrkiye&#8217;den ba\u015flayarak \u0130ngiltere ve Avrupa genelinde yenilenebilir enerji projeleri ger\u00e7ekle\u015ftiriyoruz. \u00c7al\u0131\u015fanlar\u0131m\u0131zla birlikte, daha ye\u015fil ve temiz bir d\u00fcnya i\u00e7in ad\u0131mlar atarak, b\u00fcy\u00fcme hedeflerimizi s\u00fcrd\u00fcr\u00fclebilir bir \u015fekilde ilerletiyoruz. S\u00fcrd\u00fcr\u00fclebilir bir d\u00fcnya in\u015fa etme misyonuyla, yenilenebilir enerji [&hellip;]<\/p>\n","protected":false},"author":1,"featured_media":0,"parent":0,"menu_order":0,"comment_status":"closed","ping_status":"closed","template":"","meta":{"footnotes":""},"_links":{"self":[{"href":"https:\/\/www.starlightenerji.com\/index.php\/wp-json\/wp\/v2\/pages\/13"}],"collection":[{"href":"https:\/\/www.starlightenerji.com\/index.php\/wp-json\/wp\/v2\/pages"}],"about":[{"href":"https:\/\/www.starlightenerji.com\/index.php\/wp-json\/wp\/v2\/types\/page"}],"author":[{"embeddable":true,"href":"https:\/\/www.starlightenerji.com\/index.php\/wp-json\/wp\/v2\/users\/1"}],"replies":[{"embeddable":true,"href":"https:\/\/www.starlightenerji.com\/index.php\/wp-json\/wp\/v2\/comments?post=13"}],"version-history":[{"count":2,"href":"https:\/\/www.starlightenerji.com\/index.php\/wp-json\/wp\/v2\/pages\/13\/revisions"}],"predecessor-version":[{"id":49,"href":"https:\/\/www.starlightenerji.com\/index.php\/wp-json\/wp\/v2\/pages\/13\/revisions\/49"}],"wp:attachment":[{"href":"https:\/\/www.starlightenerji.com\/index.php\/wp-json\/wp\/v2\/media?parent=13"}],"curies":[{"name":"wp","href":"https:\/\/api.w.org\/{rel}","templated":true}]}}